{"id":117,"date":"2016-06-28T19:36:03","date_gmt":"2016-06-28T17:36:03","guid":{"rendered":"http:\/\/easyvallarta.altervista.org\/?page_id=117"},"modified":"2022-06-07T20:18:15","modified_gmt":"2022-06-07T18:18:15","slug":"struttura","status":"publish","type":"page","link":"https:\/\/www.igeranibb.it\/es\/struttura\/","title":{"rendered":"Struttura"},"content":{"rendered":"<p><a href=\"http:\/\/easyvallarta.altervista.org\/struttura\/3-1m-digitalcam\/\" rel=\"attachment wp-att-177\"><img loading=\"lazy\" class=\" wp-image-177 alignleft\" src=\"http:\/\/www.igeranibb.it\/wp-content\/uploads\/2016\/06\/villafioritaaa.jpg\" alt=\"3.1M DigitalCAM\" width=\"315\" height=\"258\" \/><\/a><strong>Questa \u00e8 la mia casa, dove sarai sempre un&#8217;ospite gradito. La mia famiglia \u00e8 composta da me e da mio marito Pietro che mi aiuta nella gestione della casa. Ti offro ospitalit\u00e0 \u00e8 con il trattamento del &#8216;bed and breakfast&#8217; (letto e colazione): avrai una camera con bagno privato dove alloggiare (camera per due persone con letto matrimoniale o doppio con possibilit\u00e0 di aggiunta letto) e una ricca prima colazione all&#8217;italiana per iniziare la giornata con un pieno di energia. <\/strong><strong>Potrai condividere l&#8217;ambiente familiare mio e dei miei amici: sarai lontano da casa tua e ti sentirai come a casa tua!<\/strong><\/p>\n<p><strong>Posada \u00e8 un paese storico con la sua rocca e il Castello della Fava. E\u2019 in posizione panoramica e strategica, a meno di due chilometri dal mare, sulle principali vie di comunicazione, \u00e8 la base ideale per scoprire la Sardegna pi\u00f9 bella e pi\u00f9 segreta. Le coste della Sardegna vi farannno riscoprire l&#8217;emozione di un mare vero, incontaminato: le spiagge infinite, l&#8217;acqua dagli incredibili, brillanti colori, il sole che trasforma la realt\u00e0 in visione, ecco cosa ti invito a condividere. Venire in Sardegna e accontentarsi delle coste dell&#8217;isola \u00e8 come mangiare la buccia di un frutto e buttare via la polpa: visitando l&#8217;interno, da una parte trovi i resti di una cultura millenaria che \u00e8 ancora intimamente rivissuta nelle feste, nella gastronomia, nelle opere d&#8217;arte; dall&#8217;altra, la natura scabra ha conservato paesaggi, flora e fauna di un altro pianeta, di un altro modo di vivere.<\/strong><\/p>\n<p><span style=\"color: #ff0000;\"><a style=\"color: #ff0000;\" href=\"http:\/\/www.igeranibb.it\/ita\/articoli.asp?categoria=cucina\"><strong>Leggi le RICETTE per iniziare<\/strong><\/a><\/span><span style=\"color: #333333;\"><strong> ad assaporare con occhi e mente le delizie della cucina sarda<\/strong><\/span><\/p>\n<p>&nbsp;<\/p>\n<div id=\"allegato\"><a href=\"http:\/\/www.igeranibb.it\/public\/1bebcolaz.jpg\" target=\"_blank\" rel=\"noopener\">Scarica l&#8217;allegato<\/a><\/div>\n<p><\/p>","protected":false},"excerpt":{"rendered":"<p>Questa \u00e8 la mia casa, dove sarai sempre un&#8217;ospite gradito. La mia famiglia \u00e8 composta da me e da mio marito Pietro che mi aiuta nella gestione della casa. Ti offro ospitalit\u00e0 \u00e8 con il trattamento del &#8216;bed and breakfast&#8217;<\/p>\n","protected":false},"author":1,"featured_media":0,"parent":0,"menu_order":0,"comment_status":"closed","ping_status":"closed","template":"","meta":[],"yoast_head":"<!-- This site is optimized with the Yoast SEO plugin v19.0 - https:\/\/yoast.com\/wordpress\/plugins\/seo\/ -->\r\n<title>Struttura - I Gerani Bed and Breakfast<\/title>\r\n<meta name=\"robots\" content=\"index, follow, max-snippet:-1, max-image-preview:large, max-video-preview:-1\" \/>\r\n<link rel=\"canonical\" href=\"https:\/\/www.igeranibb.it\/es\/struttura\/\" \/>\r\n<meta property=\"og:locale\" content=\"es_ES\" \/>\r\n<meta property=\"og:type\" content=\"article\" \/>\r\n<meta property=\"og:title\" content=\"Struttura - I Gerani Bed and Breakfast\" \/>\r\n<meta property=\"og:description\" content=\"Questa \u00e8 la mia casa, dove sarai sempre un&#8217;ospite gradito. La mia famiglia \u00e8 composta da me e da mio marito Pietro che mi aiuta nella gestione della casa. Ti offro ospitalit\u00e0 \u00e8 con il trattamento del &#8216;bed and breakfast&#8217;\" \/>\r\n<meta property=\"og:url\" content=\"https:\/\/www.igeranibb.it\/es\/struttura\/\" \/>\r\n<meta property=\"og:site_name\" content=\"I Gerani Bed and Breakfast\" \/>\r\n<meta property=\"article:publisher\" content=\"https:\/\/www.facebook.com\/BB-I-GERANI-di-Posada-Sardegna-142974362460558\/?fref=ts\" \/>\r\n<meta property=\"article:modified_time\" content=\"2022-06-07T18:18:15+00:00\" \/>\r\n<meta property=\"og:image\" content=\"http:\/\/www.igeranibb.it\/public\/wp-content\/uploads\/2016\/06\/villafioritaaa.jpg\" \/>\r\n<meta name=\"twitter:card\" content=\"summary\" \/>\r\n<meta name=\"twitter:label1\" content=\"Tiempo de lectura\" \/>\n\t<meta name=\"twitter:data1\" content=\"2 minutos\" \/>\r\n<script type=\"application\/ld+json\" class=\"yoast-schema-graph\">{\"@context\":\"https:\/\/schema.org\",\"@graph\":[{\"@type\":\"WebSite\",\"@id\":\"https:\/\/www.igeranibb.it\/es\/#website\",\"url\":\"https:\/\/www.igeranibb.it\/es\/\",\"name\":\"I Gerani Bed and Breakfast\",\"description\":\"\",\"potentialAction\":[{\"@type\":\"SearchAction\",\"target\":{\"@type\":\"EntryPoint\",\"urlTemplate\":\"https:\/\/www.igeranibb.it\/es\/?s={search_term_string}\"},\"query-input\":\"required name=search_term_string\"}],\"inLanguage\":\"es\"},{\"@type\":\"ImageObject\",\"inLanguage\":\"es\",\"@id\":\"https:\/\/www.igeranibb.it\/es\/struttura\/#primaryimage\",\"url\":\"http:\/\/www.igeranibb.it\/public\/wp-content\/uploads\/2016\/06\/villafioritaaa.jpg\",\"contentUrl\":\"http:\/\/www.igeranibb.it\/public\/wp-content\/uploads\/2016\/06\/villafioritaaa.jpg\"},{\"@type\":\"WebPage\",\"@id\":\"https:\/\/www.igeranibb.it\/es\/struttura\/#webpage\",\"url\":\"https:\/\/www.igeranibb.it\/es\/struttura\/\",\"name\":\"Struttura - I Gerani Bed and Breakfast\",\"isPartOf\":{\"@id\":\"https:\/\/www.igeranibb.it\/es\/#website\"},\"primaryImageOfPage\":{\"@id\":\"https:\/\/www.igeranibb.it\/es\/struttura\/#primaryimage\"},\"datePublished\":\"2016-06-28T17:36:03+00:00\",\"dateModified\":\"2022-06-07T18:18:15+00:00\",\"breadcrumb\":{\"@id\":\"https:\/\/www.igeranibb.it\/es\/struttura\/#breadcrumb\"},\"inLanguage\":\"es\",\"potentialAction\":[{\"@type\":\"ReadAction\",\"target\":[[\"https:\/\/www.igeranibb.it\/es\/struttura\/\"]]}]},{\"@type\":\"BreadcrumbList\",\"@id\":\"https:\/\/www.igeranibb.it\/es\/struttura\/#breadcrumb\",\"itemListElement\":[{\"@type\":\"ListItem\",\"position\":1,\"name\":\"Home\",\"item\":\"https:\/\/www.igeranibb.it\/es\/\"},{\"@type\":\"ListItem\",\"position\":2,\"name\":\"Struttura\"}]}]}<\/script>\r\n<!-- \/ Yoast SEO plugin. -->","yoast_head_json":{"title":"Struttura - I Gerani Bed and Breakfast","robots":{"index":"index","follow":"follow","max-snippet":"max-snippet:-1","max-image-preview":"max-image-preview:large","max-video-preview":"max-video-preview:-1"},"canonical":"https:\/\/www.igeranibb.it\/es\/struttura\/","og_locale":"es_ES","og_type":"article","og_title":"Struttura - I Gerani Bed and Breakfast","og_description":"Questa \u00e8 la mia casa, dove sarai sempre un&#8217;ospite gradito. La mia famiglia \u00e8 composta da me e da mio marito Pietro che mi aiuta nella gestione della casa. Ti offro ospitalit\u00e0 \u00e8 con il trattamento del &#8216;bed and breakfast&#8217;","og_url":"https:\/\/www.igeranibb.it\/es\/struttura\/","og_site_name":"I Gerani Bed and Breakfast","article_publisher":"https:\/\/www.facebook.com\/BB-I-GERANI-di-Posada-Sardegna-142974362460558\/?fref=ts","article_modified_time":"2022-06-07T18:18:15+00:00","og_image":[{"url":"http:\/\/www.igeranibb.it\/public\/wp-content\/uploads\/2016\/06\/villafioritaaa.jpg"}],"twitter_card":"summary","twitter_misc":{"Tiempo de lectura":"2 minutos"},"schema":{"@context":"https:\/\/schema.org","@graph":[{"@type":"WebSite","@id":"https:\/\/www.igeranibb.it\/es\/#website","url":"https:\/\/www.igeranibb.it\/es\/","name":"I Gerani Bed and Breakfast","description":"","potentialAction":[{"@type":"SearchAction","target":{"@type":"EntryPoint","urlTemplate":"https:\/\/www.igeranibb.it\/es\/?s={search_term_string}"},"query-input":"required name=search_term_string"}],"inLanguage":"es"},{"@type":"ImageObject","inLanguage":"es","@id":"https:\/\/www.igeranibb.it\/es\/struttura\/#primaryimage","url":"http:\/\/www.igeranibb.it\/public\/wp-content\/uploads\/2016\/06\/villafioritaaa.jpg","contentUrl":"http:\/\/www.igeranibb.it\/public\/wp-content\/uploads\/2016\/06\/villafioritaaa.jpg"},{"@type":"WebPage","@id":"https:\/\/www.igeranibb.it\/es\/struttura\/#webpage","url":"https:\/\/www.igeranibb.it\/es\/struttura\/","name":"Struttura - I Gerani Bed and Breakfast","isPartOf":{"@id":"https:\/\/www.igeranibb.it\/es\/#website"},"primaryImageOfPage":{"@id":"https:\/\/www.igeranibb.it\/es\/struttura\/#primaryimage"},"datePublished":"2016-06-28T17:36:03+00:00","dateModified":"2022-06-07T18:18:15+00:00","breadcrumb":{"@id":"https:\/\/www.igeranibb.it\/es\/struttura\/#breadcrumb"},"inLanguage":"es","potentialAction":[{"@type":"ReadAction","target":[["https:\/\/www.igeranibb.it\/es\/struttura\/"]]}]},{"@type":"BreadcrumbList","@id":"https:\/\/www.igeranibb.it\/es\/struttura\/#breadcrumb","itemListElement":[{"@type":"ListItem","position":1,"name":"Home","item":"https:\/\/www.igeranibb.it\/es\/"},{"@type":"ListItem","position":2,"name":"Struttura"}]}]}},"_links":{"self":[{"href":"https:\/\/www.igeranibb.it\/es\/wp-json\/wp\/v2\/pages\/117"}],"collection":[{"href":"https:\/\/www.igeranibb.it\/es\/wp-json\/wp\/v2\/pages"}],"about":[{"href":"https:\/\/www.igeranibb.it\/es\/wp-json\/wp\/v2\/types\/page"}],"author":[{"embeddable":true,"href":"https:\/\/www.igeranibb.it\/es\/wp-json\/wp\/v2\/users\/1"}],"replies":[{"embeddable":true,"href":"https:\/\/www.igeranibb.it\/es\/wp-json\/wp\/v2\/comments?post=117"}],"version-history":[{"count":5,"href":"https:\/\/www.igeranibb.it\/es\/wp-json\/wp\/v2\/pages\/117\/revisions"}],"predecessor-version":[{"id":4968,"href":"https:\/\/www.igeranibb.it\/es\/wp-json\/wp\/v2\/pages\/117\/revisions\/4968"}],"wp:attachment":[{"href":"https:\/\/www.igeranibb.it\/es\/wp-json\/wp\/v2\/media?parent=117"}],"curies":[{"name":"wp","href":"https:\/\/api.w.org\/{rel}","templated":true}]}}

<p><a href="http://easyvallarta.altervista.org/struttura/3-1m-digitalcam/" rel="attachment wp-att-177"><img loading="lazy" class=" wp-image-177 alignleft" src="http://www.igeranibb.it/wp-content/uploads/2016/06/villafioritaaa.jpg" alt="3.1M DigitalCAM" width="315" height="258" /></a><strong>Questa è la mia casa, dove sarai sempre un&#8217;ospite gradito. La mia famiglia è composta da me e da mio marito Pietro che mi aiuta nella gestione della casa. Ti offro ospitalità è con il trattamento del &#8216;bed and breakfast&#8217; (letto e colazione): avrai una camera con bagno privato dove alloggiare (camera per due persone con letto matrimoniale o doppio con possibilità di aggiunta letto) e una ricca prima colazione all&#8217;italiana per iniziare la giornata con un pieno di energia. </strong><strong>Potrai condividere l&#8217;ambiente familiare mio e dei miei amici: sarai lontano da casa tua e ti sentirai come a casa tua!</strong></p>
<p><strong>Posada è un paese storico con la sua rocca e il Castello della Fava. E’ in posizione panoramica e strategica, a meno di due chilometri dal mare, sulle principali vie di comunicazione, è la base ideale per scoprire la Sardegna più bella e più segreta. Le coste della Sardegna vi farannno riscoprire l&#8217;emozione di un mare vero, incontaminato: le spiagge infinite, l&#8217;acqua dagli incredibili, brillanti colori, il sole che trasforma la realtà in visione, ecco cosa ti invito a condividere. Venire in Sardegna e accontentarsi delle coste dell&#8217;isola è come mangiare la buccia di un frutto e buttare via la polpa: visitando l&#8217;interno, da una parte trovi i resti di una cultura millenaria che è ancora intimamente rivissuta nelle feste, nella gastronomia, nelle opere d&#8217;arte; dall&#8217;altra, la natura scabra ha conservato paesaggi, flora e fauna di un altro pianeta, di un altro modo di vivere.</strong></p>
<p><span style="color: #ff0000;"><a style="color: #ff0000;" href="http://www.igeranibb.it/ita/articoli.asp?categoria=cucina"><strong>Leggi le RICETTE per iniziare</strong></a></span><span style="color: #333333;"><strong> ad assaporare con occhi e mente le delizie della cucina sarda</strong></span></p>
<p>&nbsp;</p>
<div id="allegato"><a href="http://www.igeranibb.it/public/1bebcolaz.jpg" target="_blank" rel="noopener">Scarica l&#8217;allegato</a></div>
<p></p>

<p>Questa è la mia casa, dove sarai sempre un&#8217;ospite gradito. La mia famiglia è composta da me e da mio marito Pietro che mi aiuta nella gestione della casa. Ti offro ospitalità è con il trattamento del &#8216;bed and breakfast&#8217;</p>

<!-- This site is optimized with the Yoast SEO plugin v19.0 - https://yoast.com/wordpress/plugins/seo/ -->
<title>Struttura - I Gerani Bed and Breakfast</title>
<meta name="robots" content="index, follow, max-snippet:-1, max-image-preview:large, max-video-preview:-1" />
<link rel="canonical" href="https://www.igeranibb.it/es/struttura/" />
<meta property="og:locale" content="es_ES" />
<meta property="og:type" content="article" />
<meta property="og:title" content="Struttura - I Gerani Bed and Breakfast" />
<meta property="og:description" content="Questa è la mia casa, dove sarai sempre un&#8217;ospite gradito. La mia famiglia è composta da me e da mio marito Pietro che mi aiuta nella gestione della casa. Ti offro ospitalità è con il trattamento del &#8216;bed and breakfast&#8217;" />
<meta property="og:url" content="https://www.igeranibb.it/es/struttura/" />
<meta property="og:site_name" content="I Gerani Bed and Breakfast" />
<meta property="article:publisher" content="https://www.facebook.com/BB-I-GERANI-di-Posada-Sardegna-142974362460558/?fref=ts" />
<meta property="article:modified_time" content="2022-06-07T18:18:15+00:00" />
<meta property="og:image" content="http://www.igeranibb.it/public/wp-content/uploads/2016/06/villafioritaaa.jpg" />
<meta name="twitter:card" content="summary" />
<meta name="twitter:label1" content="Tiempo de lectura" />
	<meta name="twitter:data1" content="2 minutos" />
<script type="application/ld+json" class="yoast-schema-graph">{"@context":"https://schema.org","@graph":[{"@type":"WebSite","@id":"https://www.igeranibb.it/es/#website","url":"https://www.igeranibb.it/es/","name":"I Gerani Bed and Breakfast","description":"","potentialAction":[{"@type":"SearchAction","target":{"@type":"EntryPoint","urlTemplate":"https://www.igeranibb.it/es/?s={search_term_string}"},"query-input":"required name=search_term_string"}],"inLanguage":"es"},{"@type":"ImageObject","inLanguage":"es","@id":"https://www.igeranibb.it/es/struttura/#primaryimage","url":"http://www.igeranibb.it/public/wp-content/uploads/2016/06/villafioritaaa.jpg","contentUrl":"http://www.igeranibb.it/public/wp-content/uploads/2016/06/villafioritaaa.jpg"},{"@type":"WebPage","@id":"https://www.igeranibb.it/es/struttura/#webpage","url":"https://www.igeranibb.it/es/struttura/","name":"Struttura - I Gerani Bed and Breakfast","isPartOf":{"@id":"https://www.igeranibb.it/es/#website"},"primaryImageOfPage":{"@id":"https://www.igeranibb.it/es/struttura/#primaryimage"},"datePublished":"2016-06-28T17:36:03+00:00","dateModified":"2022-06-07T18:18:15+00:00","breadcrumb":{"@id":"https://www.igeranibb.it/es/struttura/#breadcrumb"},"inLanguage":"es","potentialAction":[{"@type":"ReadAction","target":[["https://www.igeranibb.it/es/struttura/"]]}]},{"@type":"BreadcrumbList","@id":"https://www.igeranibb.it/es/struttura/#breadcrumb","itemListElement":[{"@type":"ListItem","position":1,"name":"Home","item":"https://www.igeranibb.it/es/"},{"@type":"ListItem","position":2,"name":"Struttura"}]}]}</script>
<!-- / Yoast SEO plugin. -->

Questa è la mia casa, dove sarai sempre un&#8217;ospite gradito. La mia famiglia è composta da me e da mio marito Pietro che mi aiuta nella gestione della casa. Ti offro ospitalità è con il trattamento del &#8216;bed and breakfast&#8217;
