{"id":142,"date":"2016-06-28T19:41:40","date_gmt":"2016-06-28T17:41:40","guid":{"rendered":"http:\/\/easyvallarta.altervista.org\/?page_id=142"},"modified":"2023-07-09T13:53:31","modified_gmt":"2023-07-09T11:53:31","slug":"promozioni","status":"publish","type":"page","link":"https:\/\/www.igeranibb.it\/de\/promozioni\/","title":{"rendered":"Promozioni"},"content":{"rendered":"<p>DOPPELZIMMERANGEBOT (2 px) mit eigenem Bad, Fr\u00fchst\u00fcck und WLAN, Kurtaxe und Klimaanlage<\/p>\n<p><strong>JULI<\/strong><br \/>\n1\/5 Juli, 4 N\u00e4chte f\u00fcr \u20ac 264 mit Balkon<br \/>\n2\/6 Juli, 4 N\u00e4chte f\u00fcr 264 \u20ac<br \/>\n7.\/15. Juli, 8 N\u00e4chte \u20ac 528<br \/>\n6.\/18. Juli, 12 N\u00e4chte f\u00fcr \u20ac 726<br \/>\n8.\/18. Juli, 10 N\u00e4chte f\u00fcr 680 \u20ac Balkon<br \/>\n4\/18 Juli, 14 N\u00e4chte \u20ac 910<br \/>\n22.\/31. Juli, 9 N\u00e4chte f\u00fcr 614 \u20ac mit Balkon<br \/>\n24\/30 Juli, 6 N\u00e4chte zu 420 \u20ac<br \/>\n24 \/ 7-3 \/ 8, 10 N\u00e4chte f\u00fcr \u20ac 700<br \/>\n24 \/ 7-7 \/ 8, 14 N\u00e4chte f\u00fcr 980 \u20ac<br \/>\n<strong>AUGUST<\/strong><br \/>\n1\/7 August, 6 N\u00e4chte f\u00fcr 444 \u20ac mit Balkon<br \/>\n11. August, 10 N\u00e4chte f\u00fcr \u20ac 740<br \/>\n3\/11 August, 8 N\u00e4chte \u20ac 592<br \/>\n7.\/19. August, 12 Tage zu 960 \u20ac<br \/>\n8\/12 August, 4 Tage f\u00fcr 296 \u20ac<br \/>\n23.\/25. August, 2 N\u00e4chte f\u00fcr 150 \u20ac mit Balkon<br \/>\n8\/28 &#8211; 1\/9, 5 N\u00e4chte f\u00fcr 350 \u20ac -&gt; 2 Zimmer<br \/>\n8\/28 &#8211; 8\/9, 12 N\u00e4chte f\u00fcr 756 \u20ac mit Balkon<br \/>\n<strong>SEPTEMBER<\/strong>\u00a0f\u00fcr 58 \u20ac pro Nacht<br \/>\nAuf Wunsch Fr\u00fchst\u00fcck bei kleinen Unvertr\u00e4glichkeiten oder zum herzhaften Fr\u00fchst\u00fcck<br \/>\nMax 3 Betten x Zimmer mit Zustellbett (2 Erwachsene + 1 Kind &#8211; 3. Erwachsener + 6 \u20ac)<br \/>\nhttps:\/\/iun.gov.it\/E48133<\/p>","protected":false},"excerpt":{"rendered":"<p>DOPPELZIMMERANGEBOT (2 px) mit eigenem Bad, Fr\u00fchst\u00fcck und WLAN, Kurtaxe und Klimaanlage JULI 1\/5 Juli, 4 N\u00e4chte f\u00fcr \u20ac 264 mit Balkon 2\/6 Juli, 4 N\u00e4chte f\u00fcr 264 \u20ac 7.\/15. Juli, 8 N\u00e4chte \u20ac 528 6.\/18. Juli, 12 N\u00e4chte f\u00fcr<\/p>\n","protected":false},"author":1,"featured_media":0,"parent":0,"menu_order":0,"comment_status":"closed","ping_status":"closed","template":"","meta":[],"yoast_head":"<!-- This site is optimized with the Yoast SEO plugin v19.0 - https:\/\/yoast.com\/wordpress\/plugins\/seo\/ -->\r\n<title>Promozioni - I Gerani Bed and Breakfast<\/title>\r\n<meta name=\"robots\" content=\"index, follow, max-snippet:-1, max-image-preview:large, max-video-preview:-1\" \/>\r\n<link rel=\"canonical\" href=\"https:\/\/www.igeranibb.it\/de\/promozioni\/\" \/>\r\n<meta property=\"og:locale\" content=\"de_DE\" \/>\r\n<meta property=\"og:type\" content=\"article\" \/>\r\n<meta property=\"og:title\" content=\"Promozioni - I Gerani Bed and Breakfast\" \/>\r\n<meta property=\"og:description\" content=\"DOPPELZIMMERANGEBOT (2 px) mit eigenem Bad, Fr\u00fchst\u00fcck und WLAN, Kurtaxe und Klimaanlage JULI 1\/5 Juli, 4 N\u00e4chte f\u00fcr \u20ac 264 mit Balkon 2\/6 Juli, 4 N\u00e4chte f\u00fcr 264 \u20ac 7.\/15. Juli, 8 N\u00e4chte \u20ac 528 6.\/18. Juli, 12 N\u00e4chte f\u00fcr\" \/>\r\n<meta property=\"og:url\" content=\"https:\/\/www.igeranibb.it\/de\/promozioni\/\" \/>\r\n<meta property=\"og:site_name\" content=\"I Gerani Bed and Breakfast\" \/>\r\n<meta property=\"article:publisher\" content=\"https:\/\/www.facebook.com\/BB-I-GERANI-di-Posada-Sardegna-142974362460558\/?fref=ts\" \/>\r\n<meta property=\"article:modified_time\" content=\"2023-07-09T11:53:31+00:00\" \/>\r\n<meta property=\"og:image\" content=\"http:\/\/www.igeranibb.it\/public\/wp-content\/uploads\/2016\/06\/1a_beb1.jpg\" \/>\r\n<meta name=\"twitter:card\" content=\"summary\" \/>\r\n<meta name=\"twitter:label1\" content=\"Gesch\u00e4tzte Lesezeit\" \/>\n\t<meta name=\"twitter:data1\" content=\"1 Minute\" \/>\r\n<script type=\"application\/ld+json\" class=\"yoast-schema-graph\">{\"@context\":\"https:\/\/schema.org\",\"@graph\":[{\"@type\":\"WebSite\",\"@id\":\"https:\/\/www.igeranibb.it\/de\/#website\",\"url\":\"https:\/\/www.igeranibb.it\/de\/\",\"name\":\"I Gerani Bed and Breakfast\",\"description\":\"\",\"potentialAction\":[{\"@type\":\"SearchAction\",\"target\":{\"@type\":\"EntryPoint\",\"urlTemplate\":\"https:\/\/www.igeranibb.it\/de\/?s={search_term_string}\"},\"query-input\":\"required name=search_term_string\"}],\"inLanguage\":\"de-DE\"},{\"@type\":\"WebPage\",\"@id\":\"https:\/\/www.igeranibb.it\/de\/promozioni\/#webpage\",\"url\":\"https:\/\/www.igeranibb.it\/de\/promozioni\/\",\"name\":\"Promozioni - I Gerani Bed and Breakfast\",\"isPartOf\":{\"@id\":\"https:\/\/www.igeranibb.it\/de\/#website\"},\"datePublished\":\"2016-06-28T17:41:40+00:00\",\"dateModified\":\"2023-07-09T11:53:31+00:00\",\"breadcrumb\":{\"@id\":\"https:\/\/www.igeranibb.it\/de\/promozioni\/#breadcrumb\"},\"inLanguage\":\"de-DE\",\"potentialAction\":[{\"@type\":\"ReadAction\",\"target\":[[\"https:\/\/www.igeranibb.it\/de\/promozioni\/\"]]}]},{\"@type\":\"BreadcrumbList\",\"@id\":\"https:\/\/www.igeranibb.it\/de\/promozioni\/#breadcrumb\",\"itemListElement\":[{\"@type\":\"ListItem\",\"position\":1,\"name\":\"Home\",\"item\":\"https:\/\/www.igeranibb.it\/de\/\"},{\"@type\":\"ListItem\",\"position\":2,\"name\":\"Promozioni\"}]}]}<\/script>\r\n<!-- \/ Yoast SEO plugin. -->","yoast_head_json":{"title":"Promozioni - I Gerani Bed and Breakfast","robots":{"index":"index","follow":"follow","max-snippet":"max-snippet:-1","max-image-preview":"max-image-preview:large","max-video-preview":"max-video-preview:-1"},"canonical":"https:\/\/www.igeranibb.it\/de\/promozioni\/","og_locale":"de_DE","og_type":"article","og_title":"Promozioni - I Gerani Bed and Breakfast","og_description":"DOPPELZIMMERANGEBOT (2 px) mit eigenem Bad, Fr\u00fchst\u00fcck und WLAN, Kurtaxe und Klimaanlage JULI 1\/5 Juli, 4 N\u00e4chte f\u00fcr \u20ac 264 mit Balkon 2\/6 Juli, 4 N\u00e4chte f\u00fcr 264 \u20ac 7.\/15. Juli, 8 N\u00e4chte \u20ac 528 6.\/18. Juli, 12 N\u00e4chte f\u00fcr","og_url":"https:\/\/www.igeranibb.it\/de\/promozioni\/","og_site_name":"I Gerani Bed and Breakfast","article_publisher":"https:\/\/www.facebook.com\/BB-I-GERANI-di-Posada-Sardegna-142974362460558\/?fref=ts","article_modified_time":"2023-07-09T11:53:31+00:00","og_image":[{"url":"http:\/\/www.igeranibb.it\/public\/wp-content\/uploads\/2016\/06\/1a_beb1.jpg"}],"twitter_card":"summary","twitter_misc":{"Gesch\u00e4tzte Lesezeit":"1 Minute"},"schema":{"@context":"https:\/\/schema.org","@graph":[{"@type":"WebSite","@id":"https:\/\/www.igeranibb.it\/de\/#website","url":"https:\/\/www.igeranibb.it\/de\/","name":"I Gerani Bed and Breakfast","description":"","potentialAction":[{"@type":"SearchAction","target":{"@type":"EntryPoint","urlTemplate":"https:\/\/www.igeranibb.it\/de\/?s={search_term_string}"},"query-input":"required name=search_term_string"}],"inLanguage":"de-DE"},{"@type":"WebPage","@id":"https:\/\/www.igeranibb.it\/de\/promozioni\/#webpage","url":"https:\/\/www.igeranibb.it\/de\/promozioni\/","name":"Promozioni - I Gerani Bed and Breakfast","isPartOf":{"@id":"https:\/\/www.igeranibb.it\/de\/#website"},"datePublished":"2016-06-28T17:41:40+00:00","dateModified":"2023-07-09T11:53:31+00:00","breadcrumb":{"@id":"https:\/\/www.igeranibb.it\/de\/promozioni\/#breadcrumb"},"inLanguage":"de-DE","potentialAction":[{"@type":"ReadAction","target":[["https:\/\/www.igeranibb.it\/de\/promozioni\/"]]}]},{"@type":"BreadcrumbList","@id":"https:\/\/www.igeranibb.it\/de\/promozioni\/#breadcrumb","itemListElement":[{"@type":"ListItem","position":1,"name":"Home","item":"https:\/\/www.igeranibb.it\/de\/"},{"@type":"ListItem","position":2,"name":"Promozioni"}]}]}},"_links":{"self":[{"href":"https:\/\/www.igeranibb.it\/de\/wp-json\/wp\/v2\/pages\/142"}],"collection":[{"href":"https:\/\/www.igeranibb.it\/de\/wp-json\/wp\/v2\/pages"}],"about":[{"href":"https:\/\/www.igeranibb.it\/de\/wp-json\/wp\/v2\/types\/page"}],"author":[{"embeddable":true,"href":"https:\/\/www.igeranibb.it\/de\/wp-json\/wp\/v2\/users\/1"}],"replies":[{"embeddable":true,"href":"https:\/\/www.igeranibb.it\/de\/wp-json\/wp\/v2\/comments?post=142"}],"version-history":[{"count":28,"href":"https:\/\/www.igeranibb.it\/de\/wp-json\/wp\/v2\/pages\/142\/revisions"}],"predecessor-version":[{"id":5155,"href":"https:\/\/www.igeranibb.it\/de\/wp-json\/wp\/v2\/pages\/142\/revisions\/5155"}],"wp:attachment":[{"href":"https:\/\/www.igeranibb.it\/de\/wp-json\/wp\/v2\/media?parent=142"}],"curies":[{"name":"wp","href":"https:\/\/api.w.org\/{rel}","templated":true}]}}

<p>DOPPELZIMMERANGEBOT (2 px) mit eigenem Bad, Frühstück und WLAN, Kurtaxe und Klimaanlage</p>
<p><strong>JULI</strong><br />
1/5 Juli, 4 Nächte für € 264 mit Balkon<br />
2/6 Juli, 4 Nächte für 264 €<br />
7./15. Juli, 8 Nächte € 528<br />
6./18. Juli, 12 Nächte für € 726<br />
8./18. Juli, 10 Nächte für 680 € Balkon<br />
4/18 Juli, 14 Nächte € 910<br />
22./31. Juli, 9 Nächte für 614 € mit Balkon<br />
24/30 Juli, 6 Nächte zu 420 €<br />
24 / 7-3 / 8, 10 Nächte für € 700<br />
24 / 7-7 / 8, 14 Nächte für 980 €<br />
<strong>AUGUST</strong><br />
1/7 August, 6 Nächte für 444 € mit Balkon<br />
11. August, 10 Nächte für € 740<br />
3/11 August, 8 Nächte € 592<br />
7./19. August, 12 Tage zu 960 €<br />
8/12 August, 4 Tage für 296 €<br />
23./25. August, 2 Nächte für 150 € mit Balkon<br />
8/28 &#8211; 1/9, 5 Nächte für 350 € -&gt; 2 Zimmer<br />
8/28 &#8211; 8/9, 12 Nächte für 756 € mit Balkon<br />
<strong>SEPTEMBER</strong> für 58 € pro Nacht<br />
Auf Wunsch Frühstück bei kleinen Unverträglichkeiten oder zum herzhaften Frühstück<br />
Max 3 Betten x Zimmer mit Zustellbett (2 Erwachsene + 1 Kind &#8211; 3. Erwachsener + 6 €)<br />
https://iun.gov.it/E48133</p>

<p>DOPPELZIMMERANGEBOT (2 px) mit eigenem Bad, Frühstück und WLAN, Kurtaxe und Klimaanlage JULI 1/5 Juli, 4 Nächte für € 264 mit Balkon 2/6 Juli, 4 Nächte für 264 € 7./15. Juli, 8 Nächte € 528 6./18. Juli, 12 Nächte für</p>

<!-- This site is optimized with the Yoast SEO plugin v19.0 - https://yoast.com/wordpress/plugins/seo/ -->
<title>Promozioni - I Gerani Bed and Breakfast</title>
<meta name="robots" content="index, follow, max-snippet:-1, max-image-preview:large, max-video-preview:-1" />
<link rel="canonical" href="https://www.igeranibb.it/de/promozioni/" />
<meta property="og:locale" content="de_DE" />
<meta property="og:type" content="article" />
<meta property="og:title" content="Promozioni - I Gerani Bed and Breakfast" />
<meta property="og:description" content="DOPPELZIMMERANGEBOT (2 px) mit eigenem Bad, Frühstück und WLAN, Kurtaxe und Klimaanlage JULI 1/5 Juli, 4 Nächte für € 264 mit Balkon 2/6 Juli, 4 Nächte für 264 € 7./15. Juli, 8 Nächte € 528 6./18. Juli, 12 Nächte für" />
<meta property="og:url" content="https://www.igeranibb.it/de/promozioni/" />
<meta property="og:site_name" content="I Gerani Bed and Breakfast" />
<meta property="article:publisher" content="https://www.facebook.com/BB-I-GERANI-di-Posada-Sardegna-142974362460558/?fref=ts" />
<meta property="article:modified_time" content="2023-07-09T11:53:31+00:00" />
<meta property="og:image" content="http://www.igeranibb.it/public/wp-content/uploads/2016/06/1a_beb1.jpg" />
<meta name="twitter:card" content="summary" />
<meta name="twitter:label1" content="Geschätzte Lesezeit" />
	<meta name="twitter:data1" content="1 Minute" />
<script type="application/ld+json" class="yoast-schema-graph">{"@context":"https://schema.org","@graph":[{"@type":"WebSite","@id":"https://www.igeranibb.it/de/#website","url":"https://www.igeranibb.it/de/","name":"I Gerani Bed and Breakfast","description":"","potentialAction":[{"@type":"SearchAction","target":{"@type":"EntryPoint","urlTemplate":"https://www.igeranibb.it/de/?s={search_term_string}"},"query-input":"required name=search_term_string"}],"inLanguage":"de-DE"},{"@type":"WebPage","@id":"https://www.igeranibb.it/de/promozioni/#webpage","url":"https://www.igeranibb.it/de/promozioni/","name":"Promozioni - I Gerani Bed and Breakfast","isPartOf":{"@id":"https://www.igeranibb.it/de/#website"},"datePublished":"2016-06-28T17:41:40+00:00","dateModified":"2023-07-09T11:53:31+00:00","breadcrumb":{"@id":"https://www.igeranibb.it/de/promozioni/#breadcrumb"},"inLanguage":"de-DE","potentialAction":[{"@type":"ReadAction","target":[["https://www.igeranibb.it/de/promozioni/"]]}]},{"@type":"BreadcrumbList","@id":"https://www.igeranibb.it/de/promozioni/#breadcrumb","itemListElement":[{"@type":"ListItem","position":1,"name":"Home","item":"https://www.igeranibb.it/de/"},{"@type":"ListItem","position":2,"name":"Promozioni"}]}]}</script>
<!-- / Yoast SEO plugin. -->

DOPPELZIMMERANGEBOT (2 px) mit eigenem Bad, Frühstück und WLAN, Kurtaxe und Klimaanlage JULI 1/5 Juli, 4 Nächte für € 264 mit Balkon 2/6 Juli, 4 Nächte für 264 € 7./15. Juli, 8 Nächte € 528 6./18. Juli, 12 Nächte für
