{"id":138,"date":"2016-06-28T19:39:48","date_gmt":"2016-06-28T17:39:48","guid":{"rendered":"http:\/\/easyvallarta.altervista.org\/?page_id=138"},"modified":"2025-05-19T21:13:51","modified_gmt":"2025-05-19T19:13:51","slug":"homepage","status":"publish","type":"page","link":"https:\/\/www.igeranibb.it\/de\/","title":{"rendered":"Homepage"},"content":{"rendered":"<p><img loading=\"lazy\" class=\"aligncenter size-full wp-image-478\" src=\"http:\/\/www.igeranibb.it\/public\/wp-content\/uploads\/2016\/07\/bb_i_gerani_0.jpg\" alt=\"bb_i_gerani_0\" width=\"1642\" height=\"923\" srcset=\"https:\/\/www.igeranibb.it\/wp-content\/uploads\/2016\/07\/bb_i_gerani_0.jpg 1642w, https:\/\/www.igeranibb.it\/wp-content\/uploads\/2016\/07\/bb_i_gerani_0-300x169.jpg 300w, https:\/\/www.igeranibb.it\/wp-content\/uploads\/2016\/07\/bb_i_gerani_0-768x432.jpg 768w, https:\/\/www.igeranibb.it\/wp-content\/uploads\/2016\/07\/bb_i_gerani_0-1024x576.jpg 1024w, https:\/\/www.igeranibb.it\/wp-content\/uploads\/2016\/07\/bb_i_gerani_0-1200x675.jpg 1200w\" sizes=\"(max-width: 1642px) 100vw, 1642px\" \/><\/p>\n<p style=\"text-align: center;\"><strong><span style=\"color: #ff00ff;\">Urlaub in vero B&amp;B mit Familienfahrt<\/span><\/strong><\/p>\n<p>Sentiti kommt jede Nacht im Urlaub nach Hause, in einem echten BB mit einer vertrauten Leitung mit dem typisch sardischen Krankenhaus. Ti offriamo camera con bagno privato e prima colazione in Estate servita in giardino. Ich bin Daniela und ich lade Sie ein, Sardinien zu besuchen, indem Sie in meinem Haus in Posada (Nu) wohnen, wenn Sie in Leerstand oder Passaggio per Lavoro sind, werden Sie sich wie zu Hause f\u00fchlen<br \/>\nDas B&amp;B I GERANI ist in einer strategischen Position, um das Gebiet durch Meer und Berge, durch Gastronomie und Natur, durch Unterhaltung und Entspannung zu erkunden. a prezzi modici, il our territorial ricco di scenari suggestivi \u2026 tra un BORGO MEDIOEVALE e il PARCO di TEPILORA, with il sito archeologico (Bitti), arrampicata etc.. weil wir die Natur lieben und sie bewahren \u2013 E48133<\/p>\n<p><span style=\"color: #ff00ff;\"><strong>SOMMER ab 60 Euro pro Nacht pro Paar bei einem Aufenthalt von mindestens 3 Tagen<\/strong><\/span><\/p>\n<p>&#x1f4e9; Kontaktieren Sie 3482604052 Annalisa oder schreiben Sie per info <a href=\"mailto:bb.igerani@tiscali.it\">bb.igerani@tiscali.it<\/a> oder <a href=\"mailto:annalisacanu@tiscali.it\">annalisacanu@tiscali.it<\/a><\/p>\n<p><strong>WIR BIETEN DOPPEL- ODER EHEZIMMER<\/strong> (f\u00fcr 2 Personen) in Villino mit Garten, 1700 m vom Meer von Posada NU entfernt. Ti offriamo Aufenthalt in einem gro\u00dfen Zimmer mit eigenem Bad, kostenlosem WLAN, Heizung oder Klimaanlage, Ricca Prima Colazione (in Estate Servita in Giardino), Cassaforte, Frigoriferoc mit Gefrierschrank, Phon. Massima autonomy, salottino in veranda per leggere e relax. Wir garantieren t\u00e4gliche Sauberkeit, kostenlose Fahrradnutzung, differenziata raccolta, riserva idrica, ogni confort per il tuo soggiorno. Ti mettiamo disposizione ombrellone, thermal bag, itinerari e mappe, a richiesta spiaggine, teli mare etc.. Ich tausche Libri e Riviste aus (wenn m\u00f6glich)<\/p>\n<p>Beginnen Sie den Urlaub mit einer k\u00f6stlichen Colazione mit Latte, Kaffee oder Tee oder Succo di Frutta, Brot, Biscotti, Fette Biscottate, Torta della Mamma, Inoltre Marmellate Genuine, Esel etc. etc\u2026. A richiesta prepariamo colazione per piccole intolleranze o salata (nur vereinbart) Ospitiamo massimo 3 posti x camera (doppia con aggiunta letto o culla solo bambini sotto i 12 anni)<\/p>\n<p>Konvention f\u00fcr Ausfl\u00fcge in die Umgebung, um das Faunengebiet, das Meer, beispielsweise Fiume mit Kajak, die arch\u00e4ologische St\u00e4tte im Park, mit Begleitung usw. kennenzulernen.<\/p>\n<p>Beschilderung des Standorts der fiducia tra pizzeria, ristorante e trattorie alla struttura abbiamo 5 soluzioni vicinissime. Ideen f\u00fcr unterhaltsame Reiserouten f\u00fcr Trekking, Kanufahren, naturkundliche Exkursionen, kulturelle Exkursionen usw. Hilfe vor Ort. Mappe und Reiseroute<\/p>\n<p><strong>POSADA<\/strong> ist etwa 4 km von Spiaggia Tra Pinete, Sabbia, Dune e Rocce entfernt. Die Spiaggia von SU TIRIARZU zu ciorca 1700mt dalla struttura \u00e8 riconosciuta, per le sue dune protette, l&#8217;assistenza ai bagnanti, con le 5 vele blu di Legambiente Tourismus als \u00f6kologisch nachhaltiges Gebiet, mit zw\u00f6lf e bagni, fontana e parchetto giochi bimbi , 2 Chioschi , reichlich Parcheggio, Fahrradst\u00e4nder etc.<\/p>\n<p>Wir haben einen Fahrradweg er\u00f6ffnet, der durch die Circonvallazione del Paese Fino alle spiagge per fare una passeggiata, per non inquinare e per non pagore parcheggio f\u00fchrt<\/p>\n<p><strong>INN<\/strong> an der Ostk\u00fcste Sardiniens, 43 km s\u00fcdlich von Olbia, es ist das einzige historische Land in der Gegend, mit dem Castello della Fava, das den gesamten Posadina-Zaun dominiert, Casa delle Dame (aktuelles CEAS Centro Educazione Ambientale e Info turistiche), Nuraghi usw.. Das Territorium der Posada liegt im PARCO DI TEPILORA und bietet Percorsi und Itinerari Vari Tra Montagna, Mare, Fiume (Kanu), W\u00fcrfel, Spiagge, D\u00fcnenprotette, Pinete, Stagno (Vogelbeobachtung per Fenicotteri, Cavaliere d&#8217;Italia , germani reali, chicken sultano, cormorani etc..), Die Reiseroute des Touristenhafens von Avrai variiert vom Tarif mit einem F\u00fchrer oder Lehrer oder auf eigene Faust, zu Fu\u00df, mit dem Fahrrad, mit dem Motorrad, mit dem Pferd, mit dem Kanu oder mit dem Gommone. Weitere Informationen zu Ihrer Posada leggi qui finden Sie unter https:\/\/it.wikipedia.org\/wiki\/Posada<\/p>\n<p><strong>TROVA-VERF\u00dcGBARKEITSKAMERA, DIE <a href=\"https:\/\/www.igeranibb.com\/ita\/articoli.asp?categoria=last%20minute\">https:\/\/www.igeranibb.com\/ita\/articoli.asp?categoria=last%20minute<\/a><\/strong><\/p>\n<p><a href=\"https:\/\/iun.gov.it\/E48133\">https:\/\/iun.gov.it\/E48133<\/a><\/p>\n<p>Wir erh\u00f6hen jedoch unsere Fornitori-Kosten, indem wir den Sicherheitsstandard gem\u00e4\u00df dem Regionaldekret anwenden und einhalten, um den Tarif unver\u00e4ndert zu lassen, indem wir ihn nicht besteuern, was uns helfen wird, elektrische Energie und Wasser zu verbrauchen, wenn dies nicht erforderlich ist, inoltre siamo Aperti ad ascoltare ogni particolare esigenza, semper per la sicurezza di tutti e comere incontro, es ist vorzuziehen, nur \u00fcber Nacht zu fahren usw. Ti aspetto!<\/p>","protected":false},"excerpt":{"rendered":"<p>Urlaub in vero B&amp;B mit Familienfahrt Sentiti kommt jede Nacht im Urlaub nach Hause, in einem echten BB mit einer vertrauten Leitung mit dem typisch sardischen Krankenhaus. Ti offriamo camera con bagno privato e prima colazione in Estate servita in<\/p>\n","protected":false},"author":1,"featured_media":0,"parent":0,"menu_order":0,"comment_status":"closed","ping_status":"closed","template":"","meta":[],"yoast_head":"<!-- This site is optimized with the Yoast SEO plugin v19.0 - https:\/\/yoast.com\/wordpress\/plugins\/seo\/ -->\r\n<title>Homepage - I Gerani Bed and Breakfast<\/title>\r\n<meta name=\"robots\" content=\"index, follow, max-snippet:-1, max-image-preview:large, max-video-preview:-1\" \/>\r\n<link rel=\"canonical\" href=\"https:\/\/www.igeranibb.it\/de\/\" \/>\r\n<meta property=\"og:locale\" content=\"de_DE\" \/>\r\n<meta property=\"og:type\" content=\"article\" \/>\r\n<meta property=\"og:title\" content=\"Homepage - I Gerani Bed and Breakfast\" \/>\r\n<meta property=\"og:description\" content=\"Urlaub in vero B&amp;B mit Familienfahrt Sentiti kommt jede Nacht im Urlaub nach Hause, in einem echten BB mit einer vertrauten Leitung mit dem typisch sardischen Krankenhaus. Ti offriamo camera con bagno privato e prima colazione in Estate servita in\" \/>\r\n<meta property=\"og:url\" content=\"https:\/\/www.igeranibb.it\/de\/\" \/>\r\n<meta property=\"og:site_name\" content=\"I Gerani Bed and Breakfast\" \/>\r\n<meta property=\"article:publisher\" content=\"https:\/\/www.facebook.com\/BB-I-GERANI-di-Posada-Sardegna-142974362460558\/?fref=ts\" \/>\r\n<meta property=\"article:modified_time\" content=\"2025-05-19T19:13:51+00:00\" \/>\r\n<meta property=\"og:image\" content=\"http:\/\/www.igeranibb.it\/public\/wp-content\/uploads\/2016\/06\/bbmamma-169x300.jpg\" \/>\r\n<meta name=\"twitter:card\" content=\"summary\" \/>\r\n<meta name=\"twitter:label1\" content=\"Gesch\u00e4tzte Lesezeit\" \/>\n\t<meta name=\"twitter:data1\" content=\"6 Minuten\" \/>\r\n<script type=\"application\/ld+json\" class=\"yoast-schema-graph\">{\"@context\":\"https:\/\/schema.org\",\"@graph\":[{\"@type\":\"WebSite\",\"@id\":\"https:\/\/www.igeranibb.it\/de\/#website\",\"url\":\"https:\/\/www.igeranibb.it\/de\/\",\"name\":\"I Gerani Bed and Breakfast\",\"description\":\"\",\"potentialAction\":[{\"@type\":\"SearchAction\",\"target\":{\"@type\":\"EntryPoint\",\"urlTemplate\":\"https:\/\/www.igeranibb.it\/de\/?s={search_term_string}\"},\"query-input\":\"required name=search_term_string\"}],\"inLanguage\":\"de-DE\"},{\"@type\":\"ImageObject\",\"inLanguage\":\"de-DE\",\"@id\":\"https:\/\/www.igeranibb.it\/de\/#primaryimage\",\"url\":\"http:\/\/www.igeranibb.it\/public\/wp-content\/uploads\/2016\/06\/bbmamma-169x300.jpg\",\"contentUrl\":\"http:\/\/www.igeranibb.it\/public\/wp-content\/uploads\/2016\/06\/bbmamma-169x300.jpg\"},{\"@type\":\"WebPage\",\"@id\":\"https:\/\/www.igeranibb.it\/de\/#webpage\",\"url\":\"https:\/\/www.igeranibb.it\/de\/\",\"name\":\"Homepage - I Gerani Bed and Breakfast\",\"isPartOf\":{\"@id\":\"https:\/\/www.igeranibb.it\/de\/#website\"},\"primaryImageOfPage\":{\"@id\":\"https:\/\/www.igeranibb.it\/de\/#primaryimage\"},\"datePublished\":\"2016-06-28T17:39:48+00:00\",\"dateModified\":\"2025-05-19T19:13:51+00:00\",\"breadcrumb\":{\"@id\":\"https:\/\/www.igeranibb.it\/de\/#breadcrumb\"},\"inLanguage\":\"de-DE\",\"potentialAction\":[{\"@type\":\"ReadAction\",\"target\":[[\"https:\/\/www.igeranibb.it\/de\/\"]]}]},{\"@type\":\"BreadcrumbList\",\"@id\":\"https:\/\/www.igeranibb.it\/de\/#breadcrumb\",\"itemListElement\":[{\"@type\":\"ListItem\",\"position\":1,\"name\":\"Home\",\"item\":\"https:\/\/www.igeranibb.it\/de\/\"},{\"@type\":\"ListItem\",\"position\":2,\"name\":\"Homepage\"}]}]}<\/script>\r\n<!-- \/ Yoast SEO plugin. -->","yoast_head_json":{"title":"Homepage - I Gerani Bed and Breakfast","robots":{"index":"index","follow":"follow","max-snippet":"max-snippet:-1","max-image-preview":"max-image-preview:large","max-video-preview":"max-video-preview:-1"},"canonical":"https:\/\/www.igeranibb.it\/de\/","og_locale":"de_DE","og_type":"article","og_title":"Homepage - I Gerani Bed and Breakfast","og_description":"Urlaub in vero B&amp;B mit Familienfahrt Sentiti kommt jede Nacht im Urlaub nach Hause, in einem echten BB mit einer vertrauten Leitung mit dem typisch sardischen Krankenhaus. Ti offriamo camera con bagno privato e prima colazione in Estate servita in","og_url":"https:\/\/www.igeranibb.it\/de\/","og_site_name":"I Gerani Bed and Breakfast","article_publisher":"https:\/\/www.facebook.com\/BB-I-GERANI-di-Posada-Sardegna-142974362460558\/?fref=ts","article_modified_time":"2025-05-19T19:13:51+00:00","og_image":[{"url":"http:\/\/www.igeranibb.it\/public\/wp-content\/uploads\/2016\/06\/bbmamma-169x300.jpg"}],"twitter_card":"summary","twitter_misc":{"Gesch\u00e4tzte Lesezeit":"6 Minuten"},"schema":{"@context":"https:\/\/schema.org","@graph":[{"@type":"WebSite","@id":"https:\/\/www.igeranibb.it\/de\/#website","url":"https:\/\/www.igeranibb.it\/de\/","name":"I Gerani Bed and Breakfast","description":"","potentialAction":[{"@type":"SearchAction","target":{"@type":"EntryPoint","urlTemplate":"https:\/\/www.igeranibb.it\/de\/?s={search_term_string}"},"query-input":"required name=search_term_string"}],"inLanguage":"de-DE"},{"@type":"ImageObject","inLanguage":"de-DE","@id":"https:\/\/www.igeranibb.it\/de\/#primaryimage","url":"http:\/\/www.igeranibb.it\/public\/wp-content\/uploads\/2016\/06\/bbmamma-169x300.jpg","contentUrl":"http:\/\/www.igeranibb.it\/public\/wp-content\/uploads\/2016\/06\/bbmamma-169x300.jpg"},{"@type":"WebPage","@id":"https:\/\/www.igeranibb.it\/de\/#webpage","url":"https:\/\/www.igeranibb.it\/de\/","name":"Homepage - I Gerani Bed and Breakfast","isPartOf":{"@id":"https:\/\/www.igeranibb.it\/de\/#website"},"primaryImageOfPage":{"@id":"https:\/\/www.igeranibb.it\/de\/#primaryimage"},"datePublished":"2016-06-28T17:39:48+00:00","dateModified":"2025-05-19T19:13:51+00:00","breadcrumb":{"@id":"https:\/\/www.igeranibb.it\/de\/#breadcrumb"},"inLanguage":"de-DE","potentialAction":[{"@type":"ReadAction","target":[["https:\/\/www.igeranibb.it\/de\/"]]}]},{"@type":"BreadcrumbList","@id":"https:\/\/www.igeranibb.it\/de\/#breadcrumb","itemListElement":[{"@type":"ListItem","position":1,"name":"Home","item":"https:\/\/www.igeranibb.it\/de\/"},{"@type":"ListItem","position":2,"name":"Homepage"}]}]}},"_links":{"self":[{"href":"https:\/\/www.igeranibb.it\/de\/wp-json\/wp\/v2\/pages\/138"}],"collection":[{"href":"https:\/\/www.igeranibb.it\/de\/wp-json\/wp\/v2\/pages"}],"about":[{"href":"https:\/\/www.igeranibb.it\/de\/wp-json\/wp\/v2\/types\/page"}],"author":[{"embeddable":true,"href":"https:\/\/www.igeranibb.it\/de\/wp-json\/wp\/v2\/users\/1"}],"replies":[{"embeddable":true,"href":"https:\/\/www.igeranibb.it\/de\/wp-json\/wp\/v2\/comments?post=138"}],"version-history":[{"count":285,"href":"https:\/\/www.igeranibb.it\/de\/wp-json\/wp\/v2\/pages\/138\/revisions"}],"predecessor-version":[{"id":5217,"href":"https:\/\/www.igeranibb.it\/de\/wp-json\/wp\/v2\/pages\/138\/revisions\/5217"}],"wp:attachment":[{"href":"https:\/\/www.igeranibb.it\/de\/wp-json\/wp\/v2\/media?parent=138"}],"curies":[{"name":"wp","href":"https:\/\/api.w.org\/{rel}","templated":true}]}}

<p><img loading="lazy" class="aligncenter size-full wp-image-478" src="http://www.igeranibb.it/public/wp-content/uploads/2016/07/bb_i_gerani_0.jpg" alt="bb_i_gerani_0" width="1642" height="923" srcset="https://www.igeranibb.it/wp-content/uploads/2016/07/bb_i_gerani_0.jpg 1642w, https://www.igeranibb.it/wp-content/uploads/2016/07/bb_i_gerani_0-300x169.jpg 300w, https://www.igeranibb.it/wp-content/uploads/2016/07/bb_i_gerani_0-768x432.jpg 768w, https://www.igeranibb.it/wp-content/uploads/2016/07/bb_i_gerani_0-1024x576.jpg 1024w, https://www.igeranibb.it/wp-content/uploads/2016/07/bb_i_gerani_0-1200x675.jpg 1200w" sizes="(max-width: 1642px) 100vw, 1642px" /></p>
<p style="text-align: center;"><strong><span style="color: #ff00ff;">Urlaub in vero B&amp;B mit Familienfahrt</span></strong></p>
<p>Sentiti kommt jede Nacht im Urlaub nach Hause, in einem echten BB mit einer vertrauten Leitung mit dem typisch sardischen Krankenhaus. Ti offriamo camera con bagno privato e prima colazione in Estate servita in giardino. Ich bin Daniela und ich lade Sie ein, Sardinien zu besuchen, indem Sie in meinem Haus in Posada (Nu) wohnen, wenn Sie in Leerstand oder Passaggio per Lavoro sind, werden Sie sich wie zu Hause fühlen<br />
Das B&amp;B I GERANI ist in einer strategischen Position, um das Gebiet durch Meer und Berge, durch Gastronomie und Natur, durch Unterhaltung und Entspannung zu erkunden. a prezzi modici, il our territorial ricco di scenari suggestivi … tra un BORGO MEDIOEVALE e il PARCO di TEPILORA, with il sito archeologico (Bitti), arrampicata etc.. weil wir die Natur lieben und sie bewahren – E48133</p>
<p><span style="color: #ff00ff;"><strong>SOMMER ab 60 Euro pro Nacht pro Paar bei einem Aufenthalt von mindestens 3 Tagen</strong></span></p>
<p>&#x1f4e9; Kontaktieren Sie 3482604052 Annalisa oder schreiben Sie per info <a href="mailto:bb.igerani@tiscali.it">bb.igerani@tiscali.it</a> oder <a href="mailto:annalisacanu@tiscali.it">annalisacanu@tiscali.it</a></p>
<p><strong>WIR BIETEN DOPPEL- ODER EHEZIMMER</strong> (für 2 Personen) in Villino mit Garten, 1700 m vom Meer von Posada NU entfernt. Ti offriamo Aufenthalt in einem großen Zimmer mit eigenem Bad, kostenlosem WLAN, Heizung oder Klimaanlage, Ricca Prima Colazione (in Estate Servita in Giardino), Cassaforte, Frigoriferoc mit Gefrierschrank, Phon. Massima autonomy, salottino in veranda per leggere e relax. Wir garantieren tägliche Sauberkeit, kostenlose Fahrradnutzung, differenziata raccolta, riserva idrica, ogni confort per il tuo soggiorno. Ti mettiamo disposizione ombrellone, thermal bag, itinerari e mappe, a richiesta spiaggine, teli mare etc.. Ich tausche Libri e Riviste aus (wenn möglich)</p>
<p>Beginnen Sie den Urlaub mit einer köstlichen Colazione mit Latte, Kaffee oder Tee oder Succo di Frutta, Brot, Biscotti, Fette Biscottate, Torta della Mamma, Inoltre Marmellate Genuine, Esel etc. etc…. A richiesta prepariamo colazione per piccole intolleranze o salata (nur vereinbart) Ospitiamo massimo 3 posti x camera (doppia con aggiunta letto o culla solo bambini sotto i 12 anni)</p>
<p>Konvention für Ausflüge in die Umgebung, um das Faunengebiet, das Meer, beispielsweise Fiume mit Kajak, die archäologische Stätte im Park, mit Begleitung usw. kennenzulernen.</p>
<p>Beschilderung des Standorts der fiducia tra pizzeria, ristorante e trattorie alla struttura abbiamo 5 soluzioni vicinissime. Ideen für unterhaltsame Reiserouten für Trekking, Kanufahren, naturkundliche Exkursionen, kulturelle Exkursionen usw. Hilfe vor Ort. Mappe und Reiseroute</p>
<p><strong>POSADA</strong> ist etwa 4 km von Spiaggia Tra Pinete, Sabbia, Dune e Rocce entfernt. Die Spiaggia von SU TIRIARZU zu ciorca 1700mt dalla struttura è riconosciuta, per le sue dune protette, l&#8217;assistenza ai bagnanti, con le 5 vele blu di Legambiente Tourismus als ökologisch nachhaltiges Gebiet, mit zwölf e bagni, fontana e parchetto giochi bimbi , 2 Chioschi , reichlich Parcheggio, Fahrradständer etc.</p>
<p>Wir haben einen Fahrradweg eröffnet, der durch die Circonvallazione del Paese Fino alle spiagge per fare una passeggiata, per non inquinare e per non pagore parcheggio führt</p>
<p><strong>INN</strong> an der Ostküste Sardiniens, 43 km südlich von Olbia, es ist das einzige historische Land in der Gegend, mit dem Castello della Fava, das den gesamten Posadina-Zaun dominiert, Casa delle Dame (aktuelles CEAS Centro Educazione Ambientale e Info turistiche), Nuraghi usw.. Das Territorium der Posada liegt im PARCO DI TEPILORA und bietet Percorsi und Itinerari Vari Tra Montagna, Mare, Fiume (Kanu), Würfel, Spiagge, Dünenprotette, Pinete, Stagno (Vogelbeobachtung per Fenicotteri, Cavaliere d&#8217;Italia , germani reali, chicken sultano, cormorani etc..), Die Reiseroute des Touristenhafens von Avrai variiert vom Tarif mit einem Führer oder Lehrer oder auf eigene Faust, zu Fuß, mit dem Fahrrad, mit dem Motorrad, mit dem Pferd, mit dem Kanu oder mit dem Gommone. Weitere Informationen zu Ihrer Posada leggi qui finden Sie unter https://it.wikipedia.org/wiki/Posada</p>
<p><strong>TROVA-VERFÜGBARKEITSKAMERA, DIE <a href="https://www.igeranibb.com/ita/articoli.asp?categoria=last%20minute">https://www.igeranibb.com/ita/articoli.asp?categoria=last%20minute</a></strong></p>
<p><a href="https://iun.gov.it/E48133">https://iun.gov.it/E48133</a></p>
<p>Wir erhöhen jedoch unsere Fornitori-Kosten, indem wir den Sicherheitsstandard gemäß dem Regionaldekret anwenden und einhalten, um den Tarif unverändert zu lassen, indem wir ihn nicht besteuern, was uns helfen wird, elektrische Energie und Wasser zu verbrauchen, wenn dies nicht erforderlich ist, inoltre siamo Aperti ad ascoltare ogni particolare esigenza, semper per la sicurezza di tutti e comere incontro, es ist vorzuziehen, nur über Nacht zu fahren usw. Ti aspetto!</p>

<!-- This site is optimized with the Yoast SEO plugin v19.0 - https://yoast.com/wordpress/plugins/seo/ -->
<title>Homepage - I Gerani Bed and Breakfast</title>
<meta name="robots" content="index, follow, max-snippet:-1, max-image-preview:large, max-video-preview:-1" />
<link rel="canonical" href="https://www.igeranibb.it/de/" />
<meta property="og:locale" content="de_DE" />
<meta property="og:type" content="article" />
<meta property="og:title" content="Homepage - I Gerani Bed and Breakfast" />
<meta property="og:description" content="Urlaub in vero B&amp;B mit Familienfahrt Sentiti kommt jede Nacht im Urlaub nach Hause, in einem echten BB mit einer vertrauten Leitung mit dem typisch sardischen Krankenhaus. Ti offriamo camera con bagno privato e prima colazione in Estate servita in" />
<meta property="og:url" content="https://www.igeranibb.it/de/" />
<meta property="og:site_name" content="I Gerani Bed and Breakfast" />
<meta property="article:publisher" content="https://www.facebook.com/BB-I-GERANI-di-Posada-Sardegna-142974362460558/?fref=ts" />
<meta property="article:modified_time" content="2025-05-19T19:13:51+00:00" />
<meta property="og:image" content="http://www.igeranibb.it/public/wp-content/uploads/2016/06/bbmamma-169x300.jpg" />
<meta name="twitter:card" content="summary" />
<meta name="twitter:label1" content="Geschätzte Lesezeit" />
	<meta name="twitter:data1" content="6 Minuten" />
<script type="application/ld+json" class="yoast-schema-graph">{"@context":"https://schema.org","@graph":[{"@type":"WebSite","@id":"https://www.igeranibb.it/de/#website","url":"https://www.igeranibb.it/de/","name":"I Gerani Bed and Breakfast","description":"","potentialAction":[{"@type":"SearchAction","target":{"@type":"EntryPoint","urlTemplate":"https://www.igeranibb.it/de/?s={search_term_string}"},"query-input":"required name=search_term_string"}],"inLanguage":"de-DE"},{"@type":"ImageObject","inLanguage":"de-DE","@id":"https://www.igeranibb.it/de/#primaryimage","url":"http://www.igeranibb.it/public/wp-content/uploads/2016/06/bbmamma-169x300.jpg","contentUrl":"http://www.igeranibb.it/public/wp-content/uploads/2016/06/bbmamma-169x300.jpg"},{"@type":"WebPage","@id":"https://www.igeranibb.it/de/#webpage","url":"https://www.igeranibb.it/de/","name":"Homepage - I Gerani Bed and Breakfast","isPartOf":{"@id":"https://www.igeranibb.it/de/#website"},"primaryImageOfPage":{"@id":"https://www.igeranibb.it/de/#primaryimage"},"datePublished":"2016-06-28T17:39:48+00:00","dateModified":"2025-05-19T19:13:51+00:00","breadcrumb":{"@id":"https://www.igeranibb.it/de/#breadcrumb"},"inLanguage":"de-DE","potentialAction":[{"@type":"ReadAction","target":[["https://www.igeranibb.it/de/"]]}]},{"@type":"BreadcrumbList","@id":"https://www.igeranibb.it/de/#breadcrumb","itemListElement":[{"@type":"ListItem","position":1,"name":"Home","item":"https://www.igeranibb.it/de/"},{"@type":"ListItem","position":2,"name":"Homepage"}]}]}</script>
<!-- / Yoast SEO plugin. -->
